(c).
1
Suppose -3*p - 4*c = -5 - 3, -10 = -3*p - 2*c. Let a(h) = -h**2 + 5*h - 4. Determine a(p).
0
Let a(u) be the third derivative of u**5/60 - 2*u**2. Let n(i) = i**3 + 3*i**2 + 2*i - 2. Let v(r) = -4*a(r) + n(r). Determine v(2).
6
Let p(d) = -2*d + 2. Let j be (6/(-3) - -1)/(5/25). What is p(j)?
12
Suppose 5 = -f, -u - 38 = -2*u + 5*f. Suppose 1 = -4*s - 4*d + u, -2*d = -s. Let m(h) = -h - 1. Calculate m(s).
-3
Let a(s) = -3 - 7*s + 6 + 6*s. Let r(p) be the third derivative of p**5/60 + 7*p**4/24 + 3*p**3/2 - p**2. Let w be r(-6). What is a(w)?
0
Let h(p) = p**2 + 5*p + 3. Let n be (-10)/3*(-6)/5. Let x be (8/5)/((-18)/(-45)). Suppose -n = x*s + 16. Determine h(s).
3
Let q(j) = -j - 1. Let o(g) = 3*g - 3. Let s be o(3). Let z = s - 5. What is q(z)?
-2
Let q(r) be the first derivative of 6 - 1/2*r**2 + 0*r - 1/3*r**3. Suppose 5*h - 1 = -2*m, h + 1 = 2*h. Determine q(m).
-2
Suppose 0 = -5*f + 19 + 1. Let x(v) = 2*v - f + 0*v - v - v**2 + 8. Calculate x(3).
-2
Let y(a) = a**2 - 9*a + 3. Let x be y(9). Let t be (-2 - x*-1)*1. Let h(g) be the third derivative of -7*g**5/60 - g**4/24 + 3*g**2. Determine h(t).
-8
Let g(w) = -w**2 + 9*w - 5. Let d be 130/(-15) - -8 - (-20)/3. What is g(d)?
13
Let j(m) = -34 + 14 + 15 - m. Suppose 0 = 3*h + 7 + 5. Give j(h).
-1
Let b = 87 + -90. Let z(n) = -n**2 - 6*n - 1. Determine z(b).
8
Let i be 16 + -13 - (-1 + 2). Let w(a) = -5 - 5*a - a - i + 2 - a**2. Determine w(-4).
3
Suppose -3*o - 13 = -2*l, -3*o - 10 = -8*o - 3*l. Let y be o + (-2 - 0) + 2. Let a(g) be the third derivative of -5*g**4/24 - g**3/6 - 26*g**2. Give a(y).
4
Let h(t) be the second derivative of -t**6/360 + t**5/40 + t**4/12 + t**3/6 - 6*t. Let v(q) be the second derivative of h(q). Give v(3).
2
Let q(p) = p**2 - 5*p + 1. Suppose 0 = g + 3*z + 22, -2*z = -5*g - 37 - 39. Let h = -12 - g. What is q(h)?
-3
Let n(u) = -2*u + 19. Let d be n(12). Let g(o) = 6*o - 3*o - 3*o**2 - o**2 - o**3 - 5. What is g(d)?
5
Let h(u) be the third derivative of -1/60*u**5 + 0 - 2*u**2 - 1/24*u**4 + 1/6*u**3 + 0*u. What is h(-2)?
-1
Let u(w) = -w**3 - 4*w**2 - 3*w - 6. Let r be u(-3). Let y(f) = -f - 2. Calculate y(r).
4
Let j(w) = -w**2 + 4*w - 3. Let y be j(3). Let f(q) = q**3 + 4*q**2 - 3 + 6 + y*q**2 - 8*q**2. What is f(3)?
-6
Let y(m) = -5*m**3 + 36*m**2 - 31*m + 6. Let s(p) = -p**3 + 7*p**2 - 6*p + 1. Suppose -w - 4*w + 55 = 0. Let d(r) = w*s(r) - 2*y(r). Determine d(3).
5
Let y(r) = -r**3 + 5*r**2 + 6. Let u be y(5). Suppose -w + u*w = 70. Suppose 3*x - 7*x = v - w, 3*v + x - 9 = 0. Let t(z) = z**3 - 2*z**2 + z + 2. Give t(v).
4
Let t(h) = h**3 + 7*h**2 + 6*h + 6. Let l be 612/(-99) - 4/(-22). What is t(l)?
6
Let x(g) = 2*g**2 + 4*g + 3. Suppose -5*p - 20 = -115. Suppose -5*w + p = 3*q, 2*q - 4*w - 12 = -36. Give x(q).
3
Let l(z) be the second derivative of 1/3*z**3 + 0 - z**2 + 2*z. Let o(w) = w**3 + 5*w**2 + 3*w. Let s be o(-4). Give l(s).
6
Let r(q) = -5*q**2 + 4*q + 6. Let h(f) = 14*f**2 - 11*f - 17. Let k(x) = -4*h(x) - 11*r(x). Determine k(2).
-2
Suppose -11 = -3*j + 28. Suppose 5*b + 3 = j. Let u(v) = -v**3 + v**2 + 2*v - 3. Determine u(b).
-3
Let q(s) = -s - 2. Suppose 0 = 3*k - 7*k - 20. What is q(k)?
3
Let k(c) = -5*c**2 + 5*c + 4. Let g(f) = 6*f**2 - 6*f - 5. Let o(t) = -6*g(t) - 7*k(t). What is o(2)?
0
Let v(w) = 3*w**3 + w**2 + w - 1. Suppose -4*p = -4*x, -4*p - 1 = -0*x - 5*x. Calculate v(x).
4
Let u(f) be the second derivative of f**2 + 1/12*f**4 + 0 - 1/3*f**3 + 2*f. Let y be (-1 + -2)*2/(-3). Calculate u(y).
2
Let i(s) = s + 2. Let z(h) = -4*h - 5. Let o(f) = -7*i(f) - 2*z(f). Determine o(4).
0
Let j(g) = -g + 1. Suppose 2*p - 5 = -3*o + 10, 3*p - o - 6 = 0. Suppose 4*k = 2*q + 24, p*k + k + 3*q = 24. What is j(k)?
-5
Let v(h) be the third derivative of -h**5/60 + h**4/4 - h**3/2 - 3*h**2. Let j be v(5). Suppose -j*f = 3*f + 10. Let m(x) = -x**3 - 3*x**2 - 2. Determine m(f).
-6
Let l(k) be the first derivative of 2*k**2 - 1/3*k**3 - 2 + 2*k. Determine l(4).
2
Let y(c) = 4*c**2 - 2*c. Let m(o) = o**2 - o. Let z(s) = 3*m(s) - y(s). Let v be z(-1). Let g(d) = -d**2 + 9. What is g(v)?
9
Let x(u) = 2*u + 9. Let h be ((-6)/12)/((-1)/42*-3). What is x(h)?
-5
Let l(c) = 7*c - 3. Let b(g) = g. Let i(p) = 6*b(p) - l(p). Suppose f = 4, 2*s + 3*s - 13 = 3*f. Let j(m) = -2*m + 7. Let o(w) = s*i(w) - 2*j(w). What is o(3)?
-2
Let p(l) = -120*l**2 + 5 + 4*l - 4*l**3 + 117*l**2 + 3*l**3. Let r be ((-2)/(-4))/((-3)/(-66)). Let w = r + -15. Give p(w).
5
Let p be 1/((-16)/(-12) - 1). Let q(n) = -5*n**2 + n - 1. Let y(v) = -4*v**2 + 2*v - 1. Let m(g) = p*q(g) - 4*y(g). Suppose r - 5 = -2. Determine m(r).
-5
Let n(b) be the first derivative of -b + 1. Let l(y) = 3*y - 1. Let k(o) = l(o) + 2*n(o). Determine k(3).
6
Let b(u) = u**2 - 17 + 9 + 10. Give b(-2).
6
Suppose -3*s - 2 = 4*v - 0, 5*s = 4*v - 14. Let f(u) = u**2 - 3*u + 4 + 7*u + 3*u**2 - 8. Let y(h) = h**2 + h - 1. Let d(z) = -2*f(z) + 9*y(z). What is d(s)?
1
Let q(x) = x**3 + 6*x**2 + 4*x - 2. Let p be q(-5). Let i(f) = -2 + f**2 - 9*f + 10*f - 10*f**3 + p. Determine i(-1).
11
Let c(r) = 2*r - 1. Let y = 6 + -5. Suppose y = 3*b - 2. Determine c(b).
1
Let j(r) = -r**2 + 6*r - 6. Let z be j(5). Let p = -4 + z. Let l(f) = -f**2 - 5*f. Determine l(p).
0
Let o(u) = u**3 - 3*u**2 - 4*u - 2. Let c = -5 + 3. Let w(z) = -2*z**3 - 3*z**2 - z - 2. Let a be w(c). Calculate o(a).
-2
Let s = 23 + -15. Suppose -3*p - s = -v, 7*v - 4*v - p - 8 = 0. Let y(f) = 2*f**3 - 3*f**2 + f - 2. Calculate y(v).
4
Let j(t) = -1 + t + 4 - 4 - 10*t**2. Let i(v) = v**2 + v + 3. Let h be i(0). Suppose h*q = 2 + 1. What is j(q)?
-10
Let b(g) = 16*g + 16*g + 3 - 33*g. Give b(2).
1
Let m be 4 + 1 - (3 + -2). Suppose 4*p - 11 = -v, 11 = -m*v + 2*v + 3*p. Let d(k) = -1 + 3*k**2 + 2 - 7*k + 8*k. What is d(v)?
3
Let d(i) = i + 10. Let q = 18 + -23. Let y(m) = m + 10. Let c(v) = q*d(v) + 4*y(v). Suppose -2*r = 5*s - 4*r + 19, 2*s + 3*r = -19. Calculate c(s).
-5
Let i = -9 - -9. Suppose i = z + u + 3, -3*u + 0 = -5*z + 17. Let c(g) be the first derivative of 5*g**2/2 - g - 1. Determine c(z).
4
Let u(s) = 1 - s**2 + s - s. Let j = 1 + -2. Calculate u(j).
0
Suppose 0*w = y + 2*w + 2, 3*y - 6 = -3*w. Let x(p) be the second derivative of -p**3/6 + p. Calculate x(y).
-6
Let b(x) = x**2 - 5*x + 1. Let u be (6/(-4))/(2/(-8)). Determine b(u).
7
Let v = 0 - 0. Suppose -9 = -2*c + 1. Let k(x) = x + c + 1 + 2. What is k(v)?
8
Let c(m) = -m - 2. Suppose -39*o + 25 = -34*o. What is c(o)?
-7
Let k(t) = 7*t**2 - 1. Suppose 9 = -y - 0*q - 2*q, -1 = 4*y + q. What is k(y)?
6
Let c be 5 - (1 + -2) - 4. Let j(z) = -z**3 + 2. What is j(c)?
-6
Suppose 4*j = j + 6. Let y be (-4)/(-5)*10/j. Let u(a) = 3*a + 0*a - 5*a + y. What is u(5)?
-6
Let f(j) = -j**3 + 3*j**2 + 2*j + 3. Let n(h) = h**3 + 18*h**2 - 40*h + 3. Let o be n(-20). Determine f(o).
9
Let x(c) = -c**3 + 3*c**2 + 6*c - 6. Let v be -6*((-8)/6 + 1). Let g be 1/(-1) + v + 1. Suppose -g*l + 4 = 4*w, 0*w - w = -3*l + 13. Give x(l).
2
Let f(w) = 5*w + 4. Let u be f(-1). Let r(a) = -3*a. Calculate r(u).
3
Let w be 24/10 + 15/25. Let k(t) = -4*t**3 + 5*t**2 + 0*t - 3 + 5*t**w + 2*t. Determine k(-4).
5
Suppose 3 = -t + 2*t. Let d be (t - (-3)/(-1))/2. Let q(s) = -s**2 - s - 11. Determine q(d).
-11
Let k(a) = -4*a**2 - 5*a - 17. Let z(y) = y**2 + y + 4. Let g(r) = 2*k(r) + 9*z(r). Let l be g(2). Let s(b) = -l*b + 3*b - 3 + 1 - 3. Give s(-4).
-1
Let t(k) = 3 + 43*k - 83*k + 39*k - 6. What is t(6)?
-9
Let n(t) = 0 - 88*t + 89*t - 3. What is n(7)?
4
Let t be -6*3/(18/4). Let c(n) = n**2 - n + 1. Let p(s) = -6*s**2 + 2*s - 7. Let v(y) = 5*c(y) + p(y). Calculate v(t).
-6
Let u(s) = -4*s**2 + 7*s - 11. Let d(j) = j**2. Let i(c) = 5*d(c) + u(c). Determine i(-8).
-3
Let l(s) = -s**3 - 5*s**2 - s + 4. Let f(i) = i. Let w be f(4). Suppose -u = -3*t - 8, t + 3*t - w*u = 0. What is l(t)?
-8
Let k(n) be the third derivative of 5*n**4/24 + n**3/6 + n**2. Let q = 91 + -90. Calculate k(q).
6
Let f(b) = -b**2 - 7*b - 3. Let g be f(-2). Let q(t) = t**2 - 5*t - 9. Determine q(g).
5
Let y(t) = -t**2 - 5*t + 10. Let p(d) = 7*d**2 + 12*d - 25. Let o(b) = -4*b**2 - 6*b + 13. Let l(w) = -5*o(w) - 3*p(w). Let g(m) = -5*l(m) + 6*y(m). Give g(0).
10
Suppose 3*l - 3 = -0*l - 2*t, -5 = -5*l + t. Let j(i) be the third derivative of i**4/6 + i**